e r(-1). What is the remainder when ((-1)/p)/(2/156) is divided by 14?
11
Let x = 38 - -2. Let y be (-48)/(-5) - (-10)/25. What is the remainder when x is divided by 206/y - (-10)/25?
19
Suppose -a + 21 = 5*u - 19, -5*u + 15 = 0. Let v = -46 - -118. What is the remainder when v is divided by a?
22
Let w(x) = x**2 + x + 43. Calculate the remainder when w(0) is divided by 2/(-13) + 952/104.
7
Suppose 7*k = 57 + 27. What is the remainder when ((-2)/2)/((-1)/k) is divided by 5?
2
Let o(s) be the third derivative of s**5/12 - s**4/24 + s**3/6 - 5*s**2. Let l = -8 - -22. Calculate the remainder when l is divided by o(1).
4
Suppose -5*u + 4*i = -32, 0*u + 4*i + 4 = -2*u. Suppose 4*n + 2*b = 92, 3*n - u*b = 15 + 65. What is the remainder when n is divided by 13?
11
Calculate the remainder when 42 is divided by 1 + -2 + 161/7.
20
Let q(c) = 5*c**3 - 3*c**2 - 2*c - 3. Let u be q(-2). Let v = u - -36. Calculate the remainder when 28 is divided by (v/6)/((-3)/18).
13
Suppose -q - z + 6 + 4 = 0, 4*q - 4*z = 0. Let i(v) = -v**3 + 5*v**2 - v + 4. Let l be i(q). Let d = l - -7. Calculate the remainder when 11 is divided by d.
5
Suppose 3*d - 13 = 5. Calculate the remainder when (3/d)/((-2)/(-188)) is divided by 16.
15
Let o = -1 - -1. Suppose -c = -o*c - 11. What is the remainder when 32 is divided by c?
10
Suppose 0*x + 5*x = 25. What is the remainder when 8 is divided by x?
3
Let k = 84 + -27. Calculate the remainder when k is divided by 12.
9
Let r(u) be the third derivative of -7*u**4/24 - u**3/2 - 2*u**2. Calculate the remainder when 21 is divided by r(-2).
10
Suppose 5*z - 11 = 4*z. Suppose 3*o + 15 = -5*i - 2*o, -3*o - z = 2*i. What is the remainder when 4 is divided by i?
0
Let z(p) = -3*p - 4. Let a be z(-2). Suppose 6*q = a*q + 68. Calculate the remainder when 48 is divided by q.
14
Suppose 4*p - 52 = -2*o, -2*p - 35 = -2*o + 5. Calculate the remainder when 84 is divided by o.
18
Let d be (2 + 2)/(4 + -2). What is the remainder when (-9)/((d/2)/(-1)) is divided by 5?
4
What is the remainder when 98/3 - ((-20)/15 + 1) is divided by 9?
6
Let t(z) = z. Let w be t(0). Suppose 5*j - 4*c - 66 = 0, j = -c - w*c + 15. Calculate the remainder when j is divided by (-3 + 1)*16/(-4).
6
Let l(g) = g**2 - g + 1. Let a(s) = -3*s. Let k be a(1). Calculate the remainder when 24 is divided by l(k).
11
Suppose -u - 4*u + 15 = 0. Let p be ((-2)/u)/(2/(-15)). Suppose -5*m = -5*s - 3*m + 31, p*m = -s + 17. What is the remainder when 19 is divided by s?
5
Suppose 6*g - 70 = g. Calculate the remainder when 40 is divided by g.
12
What is the remainder when 2/(-5) + (-1456)/(-40) is divided by 10?
6
Suppose o + 15 = 2*o. Suppose a - y - 14 = 0, 2*y + 34 = 5*a - 24. Calculate the remainder when o is divided by a.
5
Let t = -57 - -28. Let f = t + 21. What is the remainder when (-98)/f - (-4)/(-16) is divided by 7?
5
Let q = -3 - -8. Let v(r) = -6*r + 2. Let m be v(q). Let b = -16 - m. What is the remainder when 34 is divided by b?
10
Suppose b + 2 = -4*u + 13, 4*u = 0. Suppose 3*f + 3*r = 6*f - 105, -2*f + 4*r = -76. Calculate the remainder when f is divided by b.
10
Let m be 2 + 1 + -1 + 2. Suppose -2*o + 4*a = -m*o + 4, -4*o = a - 15. Calculate the remainder when 7 is divided by o.
3
Suppose 2*g + l - 3*l - 30 = 0, 3*g + 3*l = 75. Calculate the remainder when 34 is divided by g.
14
Calculate the remainder when 79 is divided by (-1)/(-7) + (-2820)/(-105).
25
Let x(r) = r**3 - 2*r**2 + r + 1. Let i be (-1)/(-1) + 3 + -1. What is the remainder when x(i) is divided by 5?
3
Let g = -1 + 25. Let j = 6 - -3. Calculate the remainder when g is divided by j.
6
Let s(x) = -x - 2. Let g be s(-6). Let j = g - 6. Let o = j - -6. What is the remainder when 11 is divided by o?
3
Let t(y) = -y**2 + 8*y - 5. Suppose -2*p + 9 = p. Suppose -8 = -p*o - o. Calculate the remainder when t(7) is divided by o.
0
Let f(g) = -g**2 + 3*g + 2. What is the remainder when f(3) is divided by 2?
0
Let j(m) = 11*m**2 + 2*m + 3. What is the remainder when j(-1) is divided by 7?
5
Let v be 8 + (-2)/(2/3). Suppose v*n - 38 = 5*g + 47, -4*g - 44 = -2*n. Let f(m) = -m**3 + m**2 - m + 34. Calculate the remainder when f(0) is divided by n.
10
Suppose 2*h - 10 = 0, -4*x + 3*h - 80 = -h. What is the remainder when 15 is divided by ((-6)/(-5))/((-2)/x)?
6
Let h = 25 + -18. What is the remainder when 11 is divided by h?
4
Let p(o) = -o - 2. Suppose -4*h - 20 + 0 = 0. Calculate the remainder when 7 is divided by p(h).
1
Suppose -2*u + 20 = -2. Suppose -8*o + 8 = -6*o. What is the remainder when u is divided by o?
3
Let w = -8 + 55. What is the remainder when w is divided by 25?
22
Let w(f) = f**2 + 2*f + 2. What is the remainder when w(-1) is divided by 1?
0
Let j = 3 - 9. What is the remainder when j/(-4)*(33 + -7) is divided by 10?
9
Suppose -2*r + 20 = -a + 6*a, 0 = 2*r. Let t(s) = 2*s + 5. Suppose 2*m + 3*j - 19 = 0, -3*j = -4 - 5. Calculate the remainder when t(a) is divided by m.
3
Suppose 16 = -6*g + 7*g. What is the remainder when 60 is divided by g?
12
Suppose 3*d + 5 = 5*z, 16 = 4*z - 0*z. Let b(t) = -t + 9. What is the remainder when d is divided by b(6)?
2
Suppose w = 179 + 123. What is the remainder when w is divided by 38?
36
Let o(n) = n**3 - 5*n**2 - 7*n. Let d be o(6). Calculate the remainder when 23 is divided by (-36)/(-8)*(-8)/d.
5
Suppose -2*l + l = 2*z - 21, -71 = -4*l + 5*z. What is the remainder when l is divided by 7?
5
Calculate the remainder when (102/6)/(-1 - (-20)/18) is divided by 6.
3
Let b(r) = r**2 + 3*r - 5. What is the remainder when b(-7) is divided by 9?
5
Suppose s - i + 3*i - 15 = 0, -3*s + 37 = 4*i. Let j = -6 + s. Suppose -n = -5*r - 8, -1 - j = -2*r. What is the remainder when 38 is divided by n?
12
Suppose 0 = -0*i + i - 4. Suppose 4*y = 3*w + 82, 0*y + 96 = i*y + 4*w. What is the remainder when 65 is divided by y?
21
Let j(k) = k + 16. What is the remainder when 14 is divided by j(-12)?
2
Let q = -153 - -164. What is the remainder when 0 + 20 - 0/1 is divided by q?
9
Let h = -13 - -14. Calculate the remainder when h is divided by 1.
0
Suppose 3*b + u + 4*u + 3 = 0, -5*b + 8 = 4*u. Let i = 10 - b. Let w(k) = k - 1. Calculate the remainder when i is divided by w(5).
2
Suppose 76 = 5*q - 3*l - 288, 3*q - 228 = 5*l. What is the remainder when q is divided by (0 + 0 + 18)/1?
17
Suppose -2*i - 2 = -8, 5*a = i + 342. Suppose 5*k - 202 + 56 = -n, 0 = 5*k + 4*n - 149. Let o = a - k. What is the remainder when o is divided by 14?
12
Let h(i) = -9*i**3 - i**2 + 1. Let u(d) = d - 9. Let j be u(8). Calculate the remainder when 15 is divided by h(j).
6
Let k = -8 + 52. What is the remainder when k is divided by 15?
14
What is the remainder when (-1)/1 - (-7 + -23) is divided by 16?
13
Suppose 0 = -9*b - 3*b + 960. Calculate the remainder when b is divided by 42.
38
Suppose -12 = 4*a - 2*a. Let h(k) = -3*k + 4. Let u be h(a). Suppose 0 = -2*z - d + 23 + u, 3*d + 57 = 2*z. What is the remainder when z is divided by 13?
11
Let w = -2 + 14. Let y(g) = -34*g. Calculate the remainder when y(-1) is divided by w.
10
Let d(r) = 11*r**2 + 1. Let f(b) = -2*b**2 + 1. Let i be f(1). What is the remainder when 23 is divided by d(i)?
11
Suppose 3*l + 0*l + 3 = 0, -5*w + 562 = -2*l. What is the remainder when w is divided by 23?
20
Let u = 8 - -2. Suppose -2*v - 4 = 4. What is the remainder when (-195)/(-7) + v/(-28) is divided by u?
8
Let i(p) = -p**2 + 9*p - 3. Let v be i(9). What is the remainder when (4 - -3)/(1 - 0) is divided by 1 - (6/v)/1?
1
Let k = -3 + 6. Suppose 5*w + 25 = k*y, 0 = 4*w + 11 + 9. Suppose y = 4*j - 2*n - 10 - 48, -4*j = 4*n - 64. What is the remainder when 29 is divided by j?
14
Let d be (-4)/(-6)*(9 - 3). Suppose -2*u + 3*h + 4 = h, -d*u = -h - 11. What is the remainder when 8 is divided by u?
2
Let g = 159 - 96. Suppose -51 = -2*a - 5*z, 7*a - 4*z - 6 = 5*a. What is the remainder when g is divided by a?
11
Let m = 29 + 8. Calculate the remainder when 144 is divided by m.
33
Let r be 1*3*14/21. Let d = -1 + r. Suppose 0 = -3*u + y - d + 12, 5*u = 4*y + 16. Calculate the remainder when u is divided by 2.
0
Suppose -75 = -4*u + u. Suppose 8 = 3*f + f. Suppose -o = 3*o + 3*m - 61, -3*m + 35 = f*o. What is the remainder when u is divided by o?
12
Suppose -2*w - 2*j - 3 = -15, 3*w